{"id":2549,"date":"2024-06-14T19:19:41","date_gmt":"2024-06-14T16:19:41","guid":{"rendered":"https:\/\/pood.saundland.ee\/?post_type=product&#038;p=2549"},"modified":"2025-01-03T19:33:56","modified_gmt":"2025-01-03T17:33:56","slug":"triinu-lasteaia-lopupidu-2024","status":"publish","type":"product","link":"https:\/\/pood.saundland.ee\/?product=triinu-lasteaia-lopupidu-2024","title":{"rendered":"Triinu lasteaia l\u00f5pupidu 2024"},"content":{"rendered":"<p>Toode on virtuaalne ja allalaaditav.<\/p>\n<p>Laadimiseks on vajalik stabiilne andmeside, laadida saab \u00fcks kord ja laadimislink aegub 1 p\u00e4eva m\u00f6\u00f6dudes. T\u00f5rgete tekkimisel palume saata e kiri video@saundland.ee.<\/p>\n<p>Nublu &#8211; ainult fotod<\/p>\n<p>Naksitrallid &#8211; ainult video<\/p>\n<p>Leoatriinu &#8211; video ja fotod<\/p>\n","protected":false},"excerpt":{"rendered":"<p>Toode on virtuaalne ja allalaaditav. Laadimiseks on vajalik stabiilne andmeside, laadida saab \u00fcks kord ja laadimislink aegub 1 p\u00e4eva m\u00f6\u00f6dudes. T\u00f5rgete tekkimisel palume saata e kiri video@saundland.ee. Nublu &#8211; ainult fotod Naksitrallid &#8211; ainult video Leoatriinu &#8211; video ja fotod<\/p>\n","protected":false},"featured_media":2158,"template":"","meta":[],"product_brand":[],"product_cat":[15],"product_tag":[],"class_list":{"0":"post-2549","1":"product","2":"type-product","3":"status-publish","4":"has-post-thumbnail","6":"product_cat-video","8":"first","9":"instock","10":"taxable","11":"shipping-taxable","12":"purchasable","13":"product-type-variable","14":"has-default-attributes"},"_links":{"self":[{"href":"https:\/\/pood.saundland.ee\/index.php?rest_route=\/wp\/v2\/product\/2549","targetHints":{"allow":["GET"]}}],"collection":[{"href":"https:\/\/pood.saundland.ee\/index.php?rest_route=\/wp\/v2\/product"}],"about":[{"href":"https:\/\/pood.saundland.ee\/index.php?rest_route=\/wp\/v2\/types\/product"}],"wp:featuredmedia":[{"embeddable":true,"href":"https:\/\/pood.saundland.ee\/index.php?rest_route=\/wp\/v2\/media\/2158"}],"wp:attachment":[{"href":"https:\/\/pood.saundland.ee\/index.php?rest_route=%2Fwp%2Fv2%2Fmedia&parent=2549"}],"wp:term":[{"taxonomy":"product_brand","embeddable":true,"href":"https:\/\/pood.saundland.ee\/index.php?rest_route=%2Fwp%2Fv2%2Fproduct_brand&post=2549"},{"taxonomy":"product_cat","embeddable":true,"href":"https:\/\/pood.saundland.ee\/index.php?rest_route=%2Fwp%2Fv2%2Fproduct_cat&post=2549"},{"taxonomy":"product_tag","embeddable":true,"href":"https:\/\/pood.saundland.ee\/index.php?rest_route=%2Fwp%2Fv2%2Fproduct_tag&post=2549"}],"curies":[{"name":"wp","href":"https:\/\/api.w.org\/{rel}","templated":true}]}}