{"id":2375,"date":"2023-12-19T17:31:15","date_gmt":"2023-12-19T15:31:15","guid":{"rendered":"https:\/\/pood.saundland.ee\/?post_type=product&#038;p=2375"},"modified":"2024-03-12T21:41:40","modified_gmt":"2024-03-12T19:41:40","slug":"triinu-lasteaia-joulupidu-2023-videofotod","status":"publish","type":"product","link":"https:\/\/pood.saundland.ee\/?product=triinu-lasteaia-joulupidu-2023-videofotod","title":{"rendered":"Triinu Lasteaia j\u00f5ulupidu 2023 VIDEO+FOTOD"},"content":{"rendered":"<p>Valige men\u00fc\u00fcst r\u00fchm mille videot soovite osta.<\/p>\n<p>Peale maksmist suunatakse teid automaatselt toote allalaadimise lehele, lisals saadetakse teile emailile link.<\/p>\n<p>Video ja fotod on allalaetaval kujul.<\/p>\n<p>ENNE LAADIMIST PALUME VEENDUDA, ET ARVUTIS ON PIISAVALT RUUMI, S\u00d5LTUVALT R\u00dcHMAST V\u00d5IB VIDEO SUURUS OLLA KUNI 8GB<br \/>\nLAADIMINE V\u00d5IB V\u00d5TTA AEGA VASTAVALT TEIE \u00dcHENDUSE KIIRUSELE M\u00d5NED MINUTID KUNI MITU TUNDI,<br \/>\n<strong>VIDEOT JA FOTOSID SAAB ALLA LAADIDA\u00a0 3 P\u00c4EVA JOOKSUL PEALE MAKSE SOORITAMIST.<\/strong><\/p>\n","protected":false},"excerpt":{"rendered":"<p>Valige men\u00fc\u00fcst r\u00fchm mille videot soovite osta. Peale maksmist suunatakse teid automaatselt toote allalaadimise lehele, lisals saadetakse teile emailile link. Video ja fotod on allalaetaval kujul. ENNE LAADIMIST PALUME VEENDUDA, ET ARVUTIS ON PIISAVALT RUUMI, S\u00d5LTUVALT R\u00dcHMAST V\u00d5IB VIDEO SUURUS OLLA KUNI 8GB LAADIMINE V\u00d5IB V\u00d5TTA AEGA VASTAVALT TEIE \u00dcHENDUSE KIIRUSELE M\u00d5NED MINUTID KUNI MITU [&hellip;]<\/p>\n","protected":false},"featured_media":2225,"template":"","meta":[],"product_brand":[],"product_cat":[15],"product_tag":[],"class_list":{"0":"post-2375","1":"product","2":"type-product","3":"status-publish","4":"has-post-thumbnail","6":"product_cat-video","8":"first","9":"instock","10":"taxable","11":"shipping-taxable","12":"purchasable","13":"product-type-variable"},"_links":{"self":[{"href":"https:\/\/pood.saundland.ee\/index.php?rest_route=\/wp\/v2\/product\/2375","targetHints":{"allow":["GET"]}}],"collection":[{"href":"https:\/\/pood.saundland.ee\/index.php?rest_route=\/wp\/v2\/product"}],"about":[{"href":"https:\/\/pood.saundland.ee\/index.php?rest_route=\/wp\/v2\/types\/product"}],"wp:featuredmedia":[{"embeddable":true,"href":"https:\/\/pood.saundland.ee\/index.php?rest_route=\/wp\/v2\/media\/2225"}],"wp:attachment":[{"href":"https:\/\/pood.saundland.ee\/index.php?rest_route=%2Fwp%2Fv2%2Fmedia&parent=2375"}],"wp:term":[{"taxonomy":"product_brand","embeddable":true,"href":"https:\/\/pood.saundland.ee\/index.php?rest_route=%2Fwp%2Fv2%2Fproduct_brand&post=2375"},{"taxonomy":"product_cat","embeddable":true,"href":"https:\/\/pood.saundland.ee\/index.php?rest_route=%2Fwp%2Fv2%2Fproduct_cat&post=2375"},{"taxonomy":"product_tag","embeddable":true,"href":"https:\/\/pood.saundland.ee\/index.php?rest_route=%2Fwp%2Fv2%2Fproduct_tag&post=2375"}],"curies":[{"name":"wp","href":"https:\/\/api.w.org\/{rel}","templated":true}]}}